+ 1. What is the units digit of 3 - o/(-6)*3?
1
Let r(q) = 6*q**2 + 10. What is the hundreds digit of r(5)?
1
Let u(c) = -c**3 - 6*c**2 + 2*c - 9. Let y be u(-7). What is the units digit of (y/6)/((-3)/(-9))?
3
Suppose -3*l + 3 + 12 = 0. Suppose -94 = -l*c - 24. What is the tens digit of c?
1
Let w(q) = -60*q**3 - q**2 + q + 1. What is the tens digit of w(-1)?
5
Suppose 0 = 2*p + 4*x - 334, -879 = -5*p + 2*x - x. What is the units digit of p?
5
Let d be 1/(-4) - 1/(-4). Suppose d = -2*q - 3*q - 2*u + 20, -5*q + u = -5. Suppose -q*i + 40 = 3*i. What is the units digit of i?
8
Suppose -6 = -3*n + 9, -3*f + 1243 = -n. What is the hundreds digit of f?
4
Let s be (-21)/(-2) + (-2)/4. Suppose s*h - 5*h = 115. What is the tens digit of h?
2
What is the units digit of 0 - 2 - (-21)/7?
1
Suppose -5*o - 16 = -96. What is the tens digit of o + 0 - (-2)/1?
1
Let k be (-12)/4 - 6/(-2). Let i be k + 0 + (1 - -1). Suppose -3*q - q - 47 = -5*l, -i*q - 41 = -5*l. What is the units digit of l?
7
Let t be 10/5 + (-50)/2. Let w = t - -33. What is the units digit of w?
0
Let j = 2 - 5. Let p(i) = -i + 1. What is the units digit of p(j)?
4
Let q = 14 - 4. What is the tens digit of (-129)/(-6) + 5/q?
2
Suppose -6*u + 3*u + 9 = 0. Suppose u*t - 7*t = -8. What is the units digit of t?
2
Let v(d) = -d**3 + 11*d**2 + 12*d - 9. Let j be v(12). Let n be 6*(-1)/2 - j. Suppose 2*s - 5*f = n, -s = -3*s + 4*f + 8. What is the units digit of s?
8
Let x(r) = -r + 10. Suppose -2*w = a - 23, 4*w - 7*a - 11 = -2*a. What is the units digit of x(w)?
1
Let x be -1*1*-6*1. Let w = x + -4. What is the units digit of w?
2
Let n = 16 + -6. Suppose -n*j = -8*j - 32. What is the tens digit of j?
1
Let o be 2 + -1*(3 - 0). Let v be 1*(o - -1 - 1). What is the units digit of 8/2 - (-2 - v)?
5
Let u = 27 + 241. What is the hundreds digit of u?
2
Let i(z) = -z**3 + z**2 - z + 5. Let t be i(0). Let b(d) = d**2 + 2*d - 7. What is the units digit of b(t)?
8
Let t(u) = 3*u. Let i(d) = d + 1. Let k(f) = -4*i(f) + t(f). Let o be k(-4). Let w = 2 - o. What is the units digit of w?
2
Let u = 244 - 88. What is the tens digit of u?
5
Let n(f) = 40*f**2 + f + 2. What is the tens digit of n(-1)?
4
Suppose v = 2*t + 15, 0*t = 4*t. Let c = v + -2. What is the units digit of c?
3
Let o(m) = m**2 + 4*m - 1. Let d be o(-3). Let q = 6 + d. What is the units digit of (3 - q)/((-1)/(-2))?
2
Let m be (9/2)/3*2. Suppose 0 = -m*q - 0*q + 30. What is the units digit of q?
0
Let s(l) = l**2 - 8*l + 6. Let a be s(11). Suppose t = -0*t + 3*x + 51, -3*x = t - a. Suppose 8*p = 3*p + t. What is the units digit of p?
9
Let p = 4 + 86. What is the units digit of p?
0
Suppose -7*i + 2*q = -3*i - 266, -320 = -5*i + 5*q. What is the units digit of i?
9
What is the units digit of (-19)/(-3) + (1 + 2)/(-9)?
6
Let k = 2 + 0. Let f(w) = 6*w + 3*w - k*w - 2 - w. What is the tens digit of f(3)?
1
Suppose -3*q = -8*q + 800. Suppose -q = -4*n + u, -2*n + 70 = -0*u - 3*u. What is the units digit of n?
1
Let o be ((-27)/(-18))/((-3)/(-14)). Suppose 3*d - 42 = -3*f + 6*f, -4*d = f + 14. What is the tens digit of (-3 - 66/f)*o?
1
Let m be ((-12)/9)/(2/(-3)). Suppose 2*s = -m*s + 12. Suppose -s*d + 16 = -2. What is the units digit of d?
6
Let v(c) = c**2 - 9*c + 5. Let h be v(9). Suppose 5*m = 5*p - 0*p + 500, 214 = -2*p - h*m. What is the tens digit of (-4)/(-16) - p/8?
1
Suppose -3 = 2*n - 3*l, -3*n + 1 = l - 0. Suppose n = 2*x - 55 - 1. What is the units digit of x?
8
Let d be 2/(-2) - (0 - 3). Let j(a) = -a**3 + 4*a + 0*a - 3*a - 4*a + 1 - 7*a**d. What is the units digit of j(-7)?
2
Let g(t) = t**3 - 9*t**2 - 2*t - 8. Let l be g(9). Let m = l + 7. Let b = m + 29. What is the tens digit of b?
1
Suppose 0 = 5*w + 51 + 129. Let q = -14 - w. What is the units digit of q?
2
Suppose -18 = -3*d - 4*n - n, 0 = -3*d + 3*n + 18. Let t = d - 2. Suppose t*q - 4 + 0 = 0. What is the units digit of q?
1
Let c(x) = x**2 - 3*x + 3. Let h be c(2). Let m be ((2 - 4) + 2)/h. Suppose 2*g = 3*g - 2*i - 11, m = g - 3*i - 12. What is the units digit of g?
9
Suppose -j + 2 = -0*j. Suppose -4*q + 7 = 3*c + 17, 10 = j*q. Let f(u) = -2*u - 11. What is the units digit of f(c)?
9
Let c be (4/(-6))/((-6)/99). Suppose 2*o - c = 11. What is the tens digit of o?
1
Suppose 9*g - 141 - 93 = 0. What is the units digit of g?
6
Suppose -5*v - 3*q + 293 = 0, -170 + 7 = -3*v - 5*q. What is the units digit of v?
1
Let q(t) = -4 - t**3 - 7*t**2 + 1 + t**2 - t - t**3. What is the tens digit of q(-4)?
3
Let w be ((-9)/6)/((-9)/48). Let h = w - 6. What is the units digit of h?
2
Let c(o) = 9*o**3 - 6*o**2 - 2*o + 6. Let d(g) = 8*g**3 - 5*g**2 - 2*g + 5. Let f(l) = 5*c(l) - 6*d(l). What is the units digit of f(-2)?
0
Let c(w) = w**2 - 8*w - 14. Let y be c(12). Let o = 118 + -70. Let n = o - y. What is the units digit of n?
4
Let d be 4/(-4 + 2) + 1. What is the units digit of (d*2)/(2/(-13))?
3
Let p(c) = c**2 + 9*c + 12. What is the units digit of p(-8)?
4
Let g(u) = -3*u - 8. Let r be g(-7). Suppose -4 + r = f. What is the units digit of f?
9
Suppose 4*l - 2 = 10. Let g be (4/(-6))/(1/l). What is the units digit of ((-2)/6)/(g/18)?
3
Let m(f) = f**3 + 7*f**2 - f - 5. Let h be m(-7). Suppose 2 + 1 = -3*p - h*v, -4*v - 1 = p. Let t = 2 - p. What is the units digit of t?
3
Suppose 4*h - 8 = 2*h. Suppose 0 = h*f, 3*i + 75 = -2*i - 2*f. Let b = -1 - i. What is the tens digit of b?
1
Let n(c) = 109*c**3 + 2*c**2 + c - 2. What is the hundreds digit of n(1)?
1
Let d(g) = 287*g**3 + g**2 - 2. What is the units digit of d(1)?
6
Let w = -97 + 137. What is the tens digit of w?
4
Suppose -4*b - 5*q = -191, 3*q = -2*b + q + 98. What is the units digit of b?
4
Suppose -8 = 4*b - 64. Let x = -2 + b. Let m = x + -5. What is the units digit of m?
7
Let v = 6 + -5. What is the units digit of v?
1
Let y(t) = 3*t - 9. Let x = 3 - -4. What is the tens digit of y(x)?
1
Let y(q) = 6*q - 28. What is the tens digit of y(17)?
7
Let p = -1 - -5. What is the units digit of p?
4
Let a = -104 - -74. Let l = 53 + a. What is the tens digit of l?
2
Suppose 2*s - 3 = -3*w - 0, 4*s = w - 15. What is the tens digit of -1 - 2 - -27 - w?
2
Suppose 5*q = -3*b + 5, 4*q + 0 = -5*b + 17. Let h be q/(-4)*2 - -2. Let m(d) = 5*d. What is the units digit of m(h)?
5
Let r(s) = s - 5. Let l be r(8). Suppose v = l*v - 8. What is the units digit of v?
4
Let o be 3/(-5) + (-27)/5. What is the tens digit of -5*(o + (-1 - 0))?
3
Suppose -5*w + 145 = 5*j - 0*j, -5*w + 119 = 4*j. Suppose j = 2*f + 4*t, 2*t - 13 = -f + t. What is the units digit of f?
3
Let i(u) = u**3 + u**2 - 5*u - 3. Let v be i(-3). Let q = v - -11. What is the units digit of q?
5
Let n(i) = 3*i + 3 - i**3 + 3*i + 10*i**2 - 5*i**2. Let y be n(6). Suppose -3*u = -4*j - 5*u + 28, -y*j + 4*u = -21. What is the units digit of j?
7
Let q be (-65)/(-9) + (-10)/45. Suppose -y + q = -0*y. What is the units digit of y?
7
Suppose -2*s = -4*j - 6, -2*j = -4*j - 4*s + 12. Suppose -5*g + 4*g - 2 = j. What is the units digit of (g - -1)/((-1)/3)?
3
Let n be (1 - 2)*1*8. Let f = 37 + -23. Let j = f + n. What is the units digit of j?
6
Let i = 7 + 1. Let q(c) = -c**2 + c + 8. Let o be q(0). What is the units digit of (-6)/o + 62/i?
7
Let a = -7 + 5. Let l = -3 - a. What is the units digit of l*(1 - 0)*-1?
1
Let q(d) = -d**3 + 3*d**2 - 2*d + 3. Let k be q(2). Let t be (2/k)/((-1)/(-6)). Suppose -3*a = -t*a + 1. What is the units digit of a?
1
Let p(h) = h**3 - 12*h**2 - 27*h + 4. What is the units digit of p(14)?
8
Let h be 148/8 - 2/(-4). Let p = h + -11. What is the units digit of p?
8
Let u = 28 + 188. What is the tens digit of u?
1
Let i(a) = -a**2 - 2*a + 10. What is the units digit of i(-4)?
2
What is the units digit of (-6)/(-27) + 394/9?
4
Let u(q) = -7 + 5 + 1 - 34*q**2. Let c be u(1). Let i = 49 + c. What is the tens digit of i?
1
Suppose 0 = -2*g + 9 + 1. Suppose -125 = -4*x + g*u, 3*x + 0*u - 4*u = 95. What is the units digit of x?
5
Let t = -6 - -11. Let i = t - -13. Suppose -4*c + 7*c + 3*w = i, c = 3*w + 6. What is the units digit of c?
6
Suppose 3*r + 5*o = -0*r + 244, 5*o + 372 = 4*r. What is the units digit of r?
8
Suppose j + 16 = 2*j + 5*g, 5*j = 4*g - 65. Let w be (-39)/j + (-4)/(-6). Suppose -w*l + 41 = 6. What is the units digit of l?
7
Let s be 2/4*1*4. 